{"id":152,"date":"2013-05-20T19:25:59","date_gmt":"2013-05-20T19:25:59","guid":{"rendered":"http:\/\/aliceart.de\/?page_id=152"},"modified":"2021-12-03T16:32:07","modified_gmt":"2021-12-03T16:32:07","slug":"uber-mich-2","status":"publish","type":"page","link":"https:\/\/aliceart.de\/?page_id=152","title":{"rendered":"\u00dcber mich"},"content":{"rendered":"<h2 class=\"p1\">Willkommen auf meiner Seite!<\/h2>\n<p class=\"p1\">Mein Name ist Alice Patrona und ich m\u00f6chte hier einen kurzen \u00dcberblick<\/p>\n<p class=\"p1\">\u00fcber meine Arbeit bieten. Als Diplom Designerin f\u00fcr Grafik bin ich seit 2007<\/p>\n<p class=\"p1\">in der Werbung t\u00e4tig. Seit 2011 arbeite ich als selbstst\u00e4ndige Designerin<\/p>\n<p class=\"p1\">und habe mich vor allem auf zwei Bereiche spezialisiert:<\/p>\n<p class=\"p1\">1. Logo Design und Firmenausstattung (Visitenkarte, Briefpapier, Briefumschlag &#8230;).<\/p>\n<p>2. Portrait von Tier und Mensch; wobei die Hundeportraits besonders gefragt sind.<span class=\"Apple-converted-space\">\u00a0 \u00a0<\/span><\/p>\n<p class=\"p1\">Mein Markenzeichen ist \u00e4sthetisch hochwertiges Design und das Bem\u00fchen die W\u00fcnsche<\/p>\n<p>und Vorstellungen des Kunden im Auge zu behalten.<\/p>\n<p class=\"p1\">Ich freue mich auf Ihre Nachricht \u00fcber das Kontaktformular!<\/p>\n","protected":false},"excerpt":{"rendered":"<p>Willkommen auf meiner Seite! Mein Name ist Alice Patrona und ich m\u00f6chte hier einen kurzen \u00dcberblick \u00fcber meine Arbeit bieten. Als Diplom Designerin f\u00fcr Grafik bin ich seit 2007 in der Werbung t\u00e4tig. Seit 2011 arbeite ich als selbstst\u00e4ndige Designerin und habe mich vor allem auf zwei Bereiche spezialisiert: 1. Logo Design und Firmenausstattung (Visitenkarte, [&hellip;]<\/p>\n","protected":false},"author":2,"featured_media":0,"parent":0,"menu_order":0,"comment_status":"closed","ping_status":"closed","template":"","meta":{"footnotes":""},"class_list":["post-152","page","type-page","status-publish","hentry"],"aioseo_notices":[],"_links":{"self":[{"href":"https:\/\/aliceart.de\/index.php?rest_route=\/wp\/v2\/pages\/152","targetHints":{"allow":["GET"]}}],"collection":[{"href":"https:\/\/aliceart.de\/index.php?rest_route=\/wp\/v2\/pages"}],"about":[{"href":"https:\/\/aliceart.de\/index.php?rest_route=\/wp\/v2\/types\/page"}],"author":[{"embeddable":true,"href":"https:\/\/aliceart.de\/index.php?rest_route=\/wp\/v2\/users\/2"}],"replies":[{"embeddable":true,"href":"https:\/\/aliceart.de\/index.php?rest_route=%2Fwp%2Fv2%2Fcomments&post=152"}],"version-history":[{"count":3,"href":"https:\/\/aliceart.de\/index.php?rest_route=\/wp\/v2\/pages\/152\/revisions"}],"predecessor-version":[{"id":807,"href":"https:\/\/aliceart.de\/index.php?rest_route=\/wp\/v2\/pages\/152\/revisions\/807"}],"wp:attachment":[{"href":"https:\/\/aliceart.de\/index.php?rest_route=%2Fwp%2Fv2%2Fmedia&parent=152"}],"curies":[{"name":"wp","href":"https:\/\/api.w.org\/{rel}","templated":true}]}}